e remainder when 509 is divided by 16.
13
Calculate the remainder when 1235 is divided by 76.
19
Calculate the remainder when 3886 is divided by 81.
79
Calculate the remainder when 840 is divided by 18.
12
Calculate the remainder when 1446 is divided by 480.
6
Calculate the remainder when 678 is divided by 21.
6
What is the remainder when 3079 is divided by 278?
21
What is the remainder when 1076 is divided by 41?
10
What is the remainder when 12 is divided by 5?
2
What is the remainder when 1866 is divided by 111?
90
What is the remainder when 16799 is divided by 105?
104
What is the remainder when 198 is divided by 152?
46
Calculate the remainder when 535 is divided by 265.
5
What is the remainder when 594 is divided by 78?
48
What is the remainder when 14059 is divided by 287?
283
Calculate the remainder when 131 is divided by 39.
14
What is the remainder when 381 is divided by 82?
53
Calculate the remainder when 1304 is divided by 57.
50
Calculate the remainder when 31 is divided by 20.
11
What is the remainder when 690 is divided by 159?
54
Calculate the remainder when 545 is divided by 318.
227
Calculate the remainder when 1694 is divided by 53.
51
What is the remainder when 2285 is divided by 4?
1
What is the remainder when 1770 is divided by 99?
87
Calculate the remainder when 281 is divided by 65.
21
Calculate the remainder when 555 is divided by 112.
107
Calculate the remainder when 3485 is divided by 7.
6
What is the remainder when 1589 is divided by 517?
38
Calculate the remainder when 299 is divided by 75.
74
What is the remainder when 2473 is divided by 2465?
8
What is the remainder when 309 is divided by 79?
72
Calculate the remainder when 9821 is divided by 47.
45
Calculate the remainder when 326 is divided by 47.
44
Calculate the remainder when 57 is divided by 20.
17
Calculate the remainder when 149 is divided by 26.
19
What is the remainder when 242 is divided by 41?
37
Calculate the remainder when 162 is divided by 51.
9
Calculate the remainder when 2378 is divided by 14.
12
Calculate the remainder when 8371 is divided by 92.
91
What is the remainder when 167 is divided by 22?
13
Calculate the remainder when 13526 is divided by 134.
126
What is the remainder when 331 is divided by 164?
3
What is the remainder when 62 is divided by 21?
20
What is the remainder when 716 is divided by 36?
32
What is the remainder when 822 is divided by 34?
6
Calculate the remainder when 150 is divided by 17.
14
What is the remainder when 963 is divided by 46?
43
What is the remainder when 5285 is divided by 37?
31
What is the remainder when 1111 is divided by 21?
19
What is the remainder when 916 is divided by 17?
15
What is the remainder when 1110 is divided by 367?
9
What is the remainder when 280 is divided by 47?
45
What is the remainder when 151 is divided by 37?
3
What is the remainder when 1134 is divided by 17?
12
Calculate the remainder when 5199 is divided by 35.
19
Calculate the remainder when 209 is divided by 33.
11
Calculate the remainder when 2337 is divided by 45.
42
Calculate the remainder when 246 is divided by 116.
14
Calculate the remainder when 68 is divided by 23.
22
What is the remainder when 1313 is divided by 82?
1
What is the remainder when 246 is divided by 62?
60
Calculate the remainder when 366 is divided by 53.
48
Calculate the remainder when 135 is divided by 58.
19
What is the remainder when 309 is divided by 123?
63
What is the remainder when 2770 is divided by 6?
4
What is the remainder when 945 is divided by 19?
14
Calculate the remainder when 55 is divided by 16.
7
Calculate the remainder when 1062 is divided by 76.
74
What is the remainder when 818 is divided by 270?
8
Calculate the remainder when 301 is divided by 138.
25
What is the remainder when 44 is divided by 10?
4
What is the remainder when 771 is divided by 19?
11
Calculate the remainder when 72 is divided by 17.
4
Calculate the remainder when 195 is divided by 14.
13
What is the remainder when 650 is divided by 56?
34
Calculate the remainder when 329 is divided by 48.
41
What is the remainder when 119 is divided by 30?
29
What is the remainder when 1153 is divided by 6?
1
Calculate the remainder when 549 is divided by 50.
49
What is the remainder when 219 is divided by 15?
9
What is the remainder when 583 is divided by 65?
63
Calculate the remainder when 709 is divided by 22.
5
Calculate the remainder when 1690 is divided by 19.
18
What is the remainder when 1122 is divided by 15?
12
What is the remainder when 125 is divided by 17?
6
Calculate the remainder when 1359 is divided by 10.
9
Calculate the remainder when 186 is divided by 9.
6
Calculate the remainder when 242 is divided by 27.
26
Calculate the remainder when 1071 is divided by 71.
6
Calculate the remainder when 183 is divided by 57.
12
Calculate the remainder when 753 is divided by 262.
229
What is the remainder when 546 is divided by 19?
14
Calculate the remainder when 228 is divided by 58.
54
Calculate the remainder when 2267 is divided by 282.
11
What is the remainder when 346 is divided by 87?
85
Calculate the remainder when 143 is divided by 60.
23
Calculate the remainder when 1153 is divided by 162.
19
What is the remainder when 479 is divided by 15?
14
What is the remainder when 72119 is divided by 8?
7
Calculate the remainder when 824 is divided by 161.
19
Calculate the remainder when 117 is divided by 113.
4
What is the remainder when 3336 is divided by 122?
42
Calculate the remainder when 477 is divided by 37.
33
What is the remainder when 435 is divided by 112?
99
What is the remainder when 1661 is divided by 828?
5
What is the remainder when 427 is divided by 72?
67
Calculate the remainder when 540 is divided by 48.
12
What is the remainder when 4 is divided by 1?
0
Calculate the remainder when 8357 is divided by 95.
92
What is the remainder when 12466 is divided by 91?
90
Calculate the remainder when 408 is divided by 41.
39
Calculate the remainder when 572 is divided by 48.
44
What is the remainder when 175 is divided by 159?
16
Calculate the remainder when 1483 is divided by 1474.
9
Calculate the remainder when 1387 is divided by 273.
22
What is the remainder when 1015 is divided by 85?
80
Calculate the remainder when 665 is divided by 62.
45
What is the remainder when 946 is divided by 16?
2
What is the remainder when 96 is divided by 28?
12
Calculate the remainder when 1208 is divided by 120.
8
Calculate the remainder when 935 is divided by 933.
2
Calculate the remainder when 347 is divided by 62.
37
What is the remainder when 3471 is divided by 28?
27
Calculate the remainder when 112 is divided by 39.
34
Calculate the remainder when 118 is divided by 20.
18
Calculate the remainder when 124 is divided by 16.
12
Calculate the remainder when 144 is divided by 14.
4
Calculate the remainder when 371 is divided by 126.
119
What is the remainder when 6042 is divided by 56?
50
What is the remainder when 2726 is divided by 5?
1
What is the remainder when 383 is divided by 84?
47
Calculate the remainder when 1554 is divided by 142.
134
Calculate the remainder when 368 is divided by 162.
44
What is the remainder when 486 is divided by 12?
6
Calculate the remainder when 3158 is divided by 117.
116
Calculate the remainder when 773 is divided by 384.
5
What is the remainder when 120 is divided by 108?
12
What is the remainder when 173 is divided by 58?
57
What is the remainder when 516 is divided by 14?
12
Calculate the remainder when 284 is divided by 11.
9
What is the remainder when 14058 is divided by 17?
16
Calculate the remainder when 42159 is divided by 16.
15
Calculate the remainder when 177 is divided by 46.
39
Calculate the remainder when 94 is divided by 9.
4
Calculate the remainder when 214 is divided by 6.
4
Calculate the remainder when 2592 is divided by 12.
0
Calculate the remainder when 2233 is divided by 172.
169
Calculate the remainder when 6183 is divided by 3.
0
What is the remainder when 201 is divided by 35?
26
What is the remainder when 169 is divided by 37?
21
What is the remainder when 674 is divided by 169?
167
Calculate the remainder when 1997 is divided by 111.
110
What is the remainder when 465 is divided by 36?
33
What is the remainder when 1323 is 